-- http://www.phpmyadmin.net
--




--
-- Database: `comunicados`
--

-- --------------------------------------------------------

--
-- Table structure for table `com_archivos`
--

CREATE TABLE `com_archivos` (
  `id` int(11) NOT NULL AUTO_INCREMENT,
  `id_comunicado` int(11) DEFAULT NULL,
  `nombre` varchar(255) DEFAULT NULL,
  `descripcion` varchar(255) DEFAULT NULL,
  `extencion` varchar(11) DEFAULT NULL,
  `ruta_1` varchar(255) DEFAULT NULL,
  `ruta_2` varchar(255) DEFAULT NULL,
  `tipo` enum('link','archivo','url_corta') DEFAULT NULL,
  `imagen` varchar(255) DEFAULT NULL,
  `estatus` enum('inactivo','activo') DEFAULT NULL,
  `estilo` int(11) DEFAULT NULL,
  `var_1` varchar(255) DEFAULT NULL,
  `var_2` varchar(255) DEFAULT NULL,
  `var_3` varchar(255) DEFAULT NULL,
  `int_1` int(11) DEFAULT NULL,
  `int_2` int(11) DEFAULT NULL,
  `flo_1` float DEFAULT NULL,
  `tex_1` text,
  `dat_1` datetime DEFAULT NULL,
  `dat_2` datetime DEFAULT NULL,
  PRIMARY KEY (`id`)
) ENGINE=MyISAM  DEFAULT CHARSET=utf8 AUTO_INCREMENT=9 ;

--
-- Dumping data for table `com_archivos`
--

INSERT INTO `com_archivos` VALUES(1, 1, NULL, 'DEMO.doc', NULL, NULL, NULL, 'archivo', NULL, 'activo', NULL, NULL, NULL, NULL, NULL, NULL, NULL, NULL, '2010-09-21 11:35:20', NULL);
INSERT INTO `com_archivos` VALUES(2, 1, NULL, 'CV-Canek.pdf', NULL, NULL, NULL, 'archivo', NULL, 'activo', NULL, NULL, NULL, NULL, NULL, NULL, NULL, NULL, '2010-09-21 12:50:03', NULL);
INSERT INTO `com_archivos` VALUES(3, 2, NULL, 'op5.pdf', NULL, NULL, NULL, 'archivo', NULL, 'activo', NULL, NULL, NULL, NULL, NULL, NULL, NULL, NULL, '2010-09-21 13:04:06', NULL);
INSERT INTO `com_archivos` VALUES(4, 3, NULL, 'CV-Canek.pdf', NULL, NULL, NULL, 'archivo', NULL, 'activo', NULL, NULL, NULL, NULL, NULL, NULL, NULL, NULL, '2010-09-23 12:04:56', NULL);
INSERT INTO `com_archivos` VALUES(5, 5, NULL, 'DEMO.doc', NULL, NULL, NULL, 'archivo', NULL, 'activo', NULL, NULL, NULL, NULL, NULL, NULL, NULL, NULL, '2010-09-30 14:21:30', NULL);
INSERT INTO `com_archivos` VALUES(6, 5, NULL, 'op5.pdf', NULL, NULL, NULL, 'archivo', NULL, 'activo', NULL, NULL, NULL, NULL, NULL, NULL, NULL, NULL, '2010-09-30 14:21:44', NULL);
INSERT INTO `com_archivos` VALUES(7, 5, NULL, 'Screen_shot_2010-09-07_at_10.17.23_AM.png', NULL, NULL, NULL, 'archivo', NULL, 'activo', NULL, NULL, NULL, NULL, NULL, NULL, NULL, NULL, '2010-09-30 14:24:48', NULL);
INSERT INTO `com_archivos` VALUES(8, 6, NULL, 'Analytics_report_-_Semana_23_Agosto_-_29_Agosto_2010_-_Comunicados.pdf', NULL, NULL, NULL, 'archivo', NULL, 'activo', NULL, NULL, NULL, NULL, NULL, NULL, NULL, NULL, '2010-10-06 11:20:55', NULL);

-- --------------------------------------------------------

--
-- Table structure for table `com_cat_estados`
--

CREATE TABLE `com_cat_estados` (
  `id` int(11) NOT NULL AUTO_INCREMENT,
  `nombre` varchar(255) DEFAULT NULL,
  `descripcion` varchar(255) DEFAULT NULL,
  `estado` int(11) DEFAULT NULL,
  `estatus` enum('activo','inactivo') DEFAULT NULL,
  `envio` enum('si','no') DEFAULT NULL,
  PRIMARY KEY (`id`)
) ENGINE=MyISAM  DEFAULT CHARSET=utf8 AUTO_INCREMENT=6 ;

--
-- Dumping data for table `com_cat_estados`
--

INSERT INTO `com_cat_estados` VALUES(1, 'Pendiente', 'Primer estado del comunicados', 1, 'activo', NULL);
INSERT INTO `com_cat_estados` VALUES(2, 'En Espera', 'Solo temporal', 2, 'activo', NULL);
INSERT INTO `com_cat_estados` VALUES(3, 'Publicado', 'Comunicado publicado', 100, 'activo', NULL);

-- --------------------------------------------------------

--
-- Table structure for table `com_cat_tipos`
--

CREATE TABLE `com_cat_tipos` (
  `id` int(11) NOT NULL AUTO_INCREMENT,
  `nombre` varchar(255) DEFAULT NULL,
  `contador` enum('si','no') DEFAULT NULL,
  `descripcion` tinytext,
  `estatus` enum('activo','inactivo') DEFAULT NULL,
  `id_acalli` int(11) DEFAULT NULL,
  PRIMARY KEY (`id`)
) ENGINE=MyISAM  DEFAULT CHARSET=utf8 AUTO_INCREMENT=32 ;

--
-- Dumping data for table `com_cat_tipos`
--

INSERT INTO `com_cat_tipos` VALUES(1, 'Comunicado', 'si', 'Comunicado de  prensa', 'activo', 1002);
INSERT INTO `com_cat_tipos` VALUES(2, 'Boletín de Prensa', 'si', 'Boletin de Prensa', 'activo', 1004);
INSERT INTO `com_cat_tipos` VALUES(3, 'Discurso', 'si', NULL, 'activo', 1006);
INSERT INTO `com_cat_tipos` VALUES(4, 'Carta', 'si', ' ', 'activo', 1029);
INSERT INTO `com_cat_tipos` VALUES(5, 'Entrevista', 'si', NULL, 'activo', 1005);
INSERT INTO `com_cat_tipos` VALUES(6, 'Síntesis', 'si', NULL, 'activo', 1028);
INSERT INTO `com_cat_tipos` VALUES(7, 'Últimas Noticias', 'si', NULL, 'activo', 1000);
INSERT INTO `com_cat_tipos` VALUES(8, 'Cuyuntura', 'si', NULL, 'activo', 1001);
INSERT INTO `com_cat_tipos` VALUES(9, 'Multimedia', 'si', NULL, 'activo', 1007);
INSERT INTO `com_cat_tipos` VALUES(10, 'Conferencia de Prensa', 'si', NULL, 'activo', 1008);
INSERT INTO `com_cat_tipos` VALUES(11, 'Diversas Intervenciones', 'si', NULL, 'activo', 1009);
INSERT INTO `com_cat_tipos` VALUES(12, 'Gira Nacional', 'si', NULL, 'activo', 1010);
INSERT INTO `com_cat_tipos` VALUES(13, 'Gira Internacional', 'si', NULL, 'activo', 1011);
INSERT INTO `com_cat_tipos` VALUES(14, 'Documento', 'si', NULL, 'activo', 1012);
INSERT INTO `com_cat_tipos` VALUES(15, 'Sesión de Preguntas y respuestas', 'si', NULL, 'activo', 1027);
INSERT INTO `com_cat_tipos` VALUES(16, 'Editorial', 'si', NULL, 'activo', 1026);
INSERT INTO `com_cat_tipos` VALUES(17, 'Conversacíon', 'si', NULL, 'activo', 1025);
INSERT INTO `com_cat_tipos` VALUES(18, 'Comentario', 'si', NULL, 'activo', 1030);
INSERT INTO `com_cat_tipos` VALUES(19, 'Condolencias', 'si', NULL, 'activo', 15025);
INSERT INTO `com_cat_tipos` VALUES(20, 'Reunión', 'si', NULL, 'activo', 1023);
INSERT INTO `com_cat_tipos` VALUES(21, 'Notas Informativas', 'si', NULL, 'activo', 15158);
INSERT INTO `com_cat_tipos` VALUES(22, 'Visitantes Extranjeros', 'si', NULL, 'activo', 15047);
INSERT INTO `com_cat_tipos` VALUES(23, 'En Vivo', 'si', NULL, 'activo', 15112);
INSERT INTO `com_cat_tipos` VALUES(24, 'Carpeta Informativa', 'si', NULL, 'activo', 15045);
INSERT INTO `com_cat_tipos` VALUES(25, 'Mensaje', 'si', NULL, 'activo', 15116);
INSERT INTO `com_cat_tipos` VALUES(26, 'Declaración Conjunta', 'si', NULL, 'activo', 1022);
INSERT INTO `com_cat_tipos` VALUES(27, 'Visita Nacional', 'si', NULL, 'activo', 1019);
INSERT INTO `com_cat_tipos` VALUES(28, 'Diálogo', 'si', NULL, 'activo', 1015);
INSERT INTO `com_cat_tipos` VALUES(29, 'Especial', 'si', NULL, 'activo', 1017);
INSERT INTO `com_cat_tipos` VALUES(30, 'Evento', 'si', NULL, 'activo', 1016);

-- --------------------------------------------------------

--
-- Table structure for table `com_comentarios`
--

CREATE TABLE `com_comentarios` (
  `id` int(11) NOT NULL AUTO_INCREMENT,
  `id_rel` int(11) DEFAULT NULL,
  `tipo` enum('califica','comentario') DEFAULT NULL,
  `estatus` enum('inactivo','activo') DEFAULT NULL,
  `orden` int(11) DEFAULT NULL,
  `id_usuario` int(11) DEFAULT NULL,
  `correo` varchar(255) DEFAULT NULL,
  `comentario` text,
  `calificacion` int(11) DEFAULT NULL,
  `padre` int(11) DEFAULT NULL,
  `e_dna` varchar(32) DEFAULT NULL,
  `ip` varchar(32) DEFAULT NULL,
  `host` varchar(255) DEFAULT NULL,
  `browser` varchar(255) DEFAULT NULL,
  `date` datetime DEFAULT NULL,
  PRIMARY KEY (`id`)
) ENGINE=MyISAM  DEFAULT CHARSET=utf8 AUTO_INCREMENT=9 ;

--
-- Dumping data for table `com_comentarios`
--

INSERT INTO `com_comentarios` VALUES(1, 1, 'comentario', 'activo', NULL, 1, NULL, 'fghfgh f fgf', NULL, NULL, '2109201000000001LAAOLNAAAYC-RNAO', '::1', 'localhost', 'Mozilla/5.0 (Macintosh; U; Intel Mac OS X 10.6; en-US; rv:1.9.2.10) Gecko/20100914 Firefox/3.6.10', '2010-09-21 11:35:53');
INSERT INTO `com_comentarios` VALUES(2, 2, 'comentario', 'activo', NULL, 1, NULL, 'comentario 1', NULL, NULL, '2109201000000001IADLLRNOLCLIRRCL', '::1', 'localhost', 'Mozilla/5.0 (Macintosh; U; Intel Mac OS X 10.6; en-US; rv:1.9.2.10) Gecko/20100914 Firefox/3.6.10', '2010-09-21 13:03:45');
INSERT INTO `com_comentarios` VALUES(3, 3, 'comentario', 'activo', NULL, 1, NULL, 'comentarios x', NULL, NULL, '2309201000000001DALNAARENLIELDOY', '::1', 'localhost', 'Mozilla/5.0 (Macintosh; U; Intel Mac OS X 10.6; en-US; rv:1.9.2.10) Gecko/20100914 Firefox/3.6.10', '2010-09-23 11:56:10');
INSERT INTO `com_comentarios` VALUES(4, 5, 'comentario', 'activo', NULL, 2, NULL, 'skdjfh ksdj ksf sd sd', NULL, NULL, '3009201000000002OYI--ILD-ARAYRYN', '127.0.0.1', 'localhost', 'Mozilla/5.0 (Macintosh; U; Intel Mac OS X 10_6_4; en-US) AppleWebKit/534.3 (KHTML, like Gecko) Chrome/6.0.472.63 Safari/534.3', '2010-09-30 14:22:44');
INSERT INTO `com_comentarios` VALUES(5, 6, 'comentario', 'activo', NULL, 1, NULL, 'pregiunta 1', NULL, NULL, '0710201000000001-AALLAL-NLOOCE-E', '::1', 'localhost', 'Mozilla/5.0 (Macintosh; U; Intel Mac OS X 10.6; en-US; rv:1.9.2.10) Gecko/20100914 Firefox/3.6.10', '2010-10-07 12:45:31');
INSERT INTO `com_comentarios` VALUES(6, 6, 'comentario', 'activo', NULL, 1, NULL, 'respuesta 1', NULL, NULL, '0710201000000001IN-DEYYA-NLIEEEY', '::1', 'localhost', 'Mozilla/5.0 (Macintosh; U; Intel Mac OS X 10.6; en-US; rv:1.9.2.10) Gecko/20100914 Firefox/3.6.10', '2010-10-07 12:48:29');
INSERT INTO `com_comentarios` VALUES(7, 6, 'comentario', 'activo', NULL, 1, NULL, 'otro\r\n', NULL, NULL, '0710201000000001LLAARAYNAERDAL-I', '::1', 'localhost', 'Mozilla/5.0 (Macintosh; U; Intel Mac OS X 10.6; en-US; rv:1.9.2.10) Gecko/20100914 Firefox/3.6.10', '2010-10-07 13:19:35');

-- --------------------------------------------------------

--
-- Table structure for table `com_comunicados`
--

CREATE TABLE `com_comunicados` (
  `id` int(11) NOT NULL AUTO_INCREMENT,
  `nombre` varchar(255) DEFAULT NULL,
  `id_nombre` int(11) DEFAULT NULL,
  `id_dependencia` int(11) DEFAULT NULL,
  `id_usuario` int(11) DEFAULT NULL,
  `id_sector` int(11) DEFAULT NULL,
  `id_tipo` int(11) DEFAULT NULL,
  `numero` int(11) DEFAULT NULL,
  `fecha` datetime DEFAULT NULL,
  `titulo` varchar(255) DEFAULT NULL,
  `cuerpo` text,
  `estatus` enum('inactivo','activo') DEFAULT NULL,
  `id_estatus` int(11) DEFAULT NULL,
  `orden` int(11) DEFAULT NULL,
  `padre` int(11) DEFAULT NULL,
  `e_dna` varchar(32) DEFAULT NULL,
  `ip` varchar(32) DEFAULT NULL,
  `host` varchar(255) DEFAULT NULL,
  `browser` varchar(255) DEFAULT NULL,
  `date` datetime DEFAULT NULL,
  PRIMARY KEY (`id`)
) ENGINE=MyISAM  DEFAULT CHARSET=utf8 AUTO_INCREMENT=10 ;

--
-- Dumping data for table `com_comunicados`
--

INSERT INTO `com_comunicados` VALUES(1, 'AGN / 1 / 2010-09-21', 1, 6, 1, 15, 2, 15, '2010-09-21 11:35:19', 'Prueba numero 1', '<p>bla blab lahlskda klsahd kjhd sklvjhasdkvj</p>', 'activo', 1, 1, NULL, 'daf3f42b1b420e1ec5340f930b5936c5', '::1', 'localhost', 'Mozilla/5.0 (Macintosh; U; Intel Mac OS X 10.6; en-US; rv:1.9.2.10) Gecko/20100914 Firefox/3.6.10', '2010-09-21 00:00:00');
INSERT INTO `com_comunicados` VALUES(2, 'AGN / 2 / 2010-09-21', 2, 6, 1, 15, 1, 0, '2010-09-21 13:03:22', 'Comunicado de prueba', '<p>bla bla bla kdfjgh dlsfkghu kj hvlskdfjhv ,jdgv a8w7fgalkjsdvgao8wdyuvbscvbxmiuvas dk klsadvlkjshvl kajsd vlkasdvk askva sv</p>', 'activo', 1, 2, NULL, '55680ae06a4476482e51800d03214202', '::1', 'localhost', 'Mozilla/5.0 (Macintosh; U; Intel Mac OS X 10.6; en-US; rv:1.9.2.10) Gecko/20100914 Firefox/3.6.10', '2010-09-21 00:00:00');
INSERT INTO `com_comunicados` VALUES(3, 'EPM / 1 / 2010-09-21', 1, 7, 2, 15, 2, 15, '2010-09-21 13:13:34', 'test de Boletin', '<p>sdjhf &nbsp;sd sf hs;d h ;sfdk lskjd sdf sd sd kjfdh dsjfv ljvlsdfjbv lsd fgvlskdjvo iarfalksdnbvuyagdclkamsnbc  asdbc jakhdsckjah dskcjahsdgucyagwelcj ao cadcac asdhg cljasdcl a lads gclajdgscl kas lkadchjk asjdlakjs kjas dflkaj shdlfkj aslals lasd lfasdlf ajlskdf lkajsdhkajhs df lasdfl asldjfalksdj fsd</p>', 'activo', 2, 1, NULL, 'b48776748af88b2558a59af87d919cab', '127.0.0.1', 'localhost', 'Mozilla/5.0 (Macintosh; U; Intel Mac OS X 10_6_4; en-US) AppleWebKit/534.3 (KHTML, like Gecko) Chrome/6.0.472.62 Safari/534.3', '2010-09-21 00:00:00');
INSERT INTO `com_comunicados` VALUES(4, 'AGN / 3 / 2010-09-27', 3, 6, 1, 15, 2, 100, '2010-09-27 18:03:48', 'Prueba de Programa para comunicado.', '<p><strong>Lorem Ipsum</strong>. is simply dummy text of the printing and  typesetting industry. Lorem Ipsum has been the industry''s standard dummy  text ever since the 1500s, when an unknown printer took a galley of  type and scrambled it to make a type specimen book. It has survived not  only five centuries, but also the leap into electronic typesetting,  remaining essentially unchanged. It was popularised in the 1960s with  the release of Letraset sheets containing Lorem Ipsum passages, and more  recently with desktop publishing software like Aldus PageMaker  including versions of Lorem Ipsum.</p>\r\n<p>&nbsp;</p>\r\n<p>Lorem Ipsum is simply dummy text of the printing and  typesetting  industry. Lorem Ipsum has been the industry''s standard dummy  text ever  since the 1500s, when an unknown printer took a galley of  type and  scrambled it to make a type specimen book. It has survived not  only  five centuries, but also the leap into electronic typesetting,   remaining essentially unchanged. It was popularised in the 1960s with   the release of Letraset sheets containing Lorem Ipsum passages, and more   recently with desktop publishing software like Aldus PageMaker   including versions of Lorem Ipsum.</p>\r\n<p>&nbsp;</p>\r\n<p>&nbsp;</p>\r\n<p>Lorem Ipsum is simply dummy text of the printing and  typesetting  industry. Lorem Ipsum has been the industry''s standard dummy  text ever  since the 1500s, when an unknown printer took a galley of  type and  scrambled it to make a type specimen book. It has survived not  only  five centuries, but also the leap into electronic typesetting,   remaining essentially unchanged. It was popularised in the 1960s with   the release of Letraset sheets containing Lorem Ipsum passages, and more   recently with desktop publishing software like Aldus PageMaker   including versions of Lorem Ipsum.</p>\r\n<p>&nbsp;</p>\r\n<p>Lorem Ipsum is simply dummy text of the printing and  typesetting  industry. Lorem Ipsum has been the industry''s standard dummy  text ever  since the 1500s, when an unknown printer took a galley of  type and  scrambled it to make a type specimen book. It has survived not  only  five centuries, but also the leap into electronic typesetting,   remaining essentially unchanged. It was popularised in the 1960s with   the release of Letraset sheets containing Lorem Ipsum passages, and more   recently with desktop publishing software like Aldus PageMaker   including versions of Lorem Ipsum.</p>', 'activo', 2, 3, NULL, '4446b4a09c52038a34092606db08e962', '::1', 'localhost', 'Mozilla/5.0 (Macintosh; U; Intel Mac OS X 10.6; en-US; rv:1.9.2.10) Gecko/20100914 Firefox/3.6.10', '2010-09-27 00:00:00');
INSERT INTO `com_comunicados` VALUES(5, 'EPM / 2 / 2010-09-30', 2, 7, 2, 15, 2, 1, '2010-09-30 14:20:36', 'La Barbia 2x', '<p>sgf lkdjgslksdfj ;skdfj ;k ;k ;kjh ;jh;kd;lfksdfg sfg sdfg sdfgsdfg sdfgs sgf lkdjgslksdfj ;skdfj ;k ;k ;kjh ;jh;kd;lfksdfg sfg sdfg sdfgsdfg sdfgs sgf lkdjgslksdfj ;skdfj ;k ;k ;kjh ;jh;kd;lfksdfg sfg sdfg sdfgsdfg sdfgs sgf lkdjgslksdfj ;skdfj ;k ;k ;kjh ;jh;kd;lfksdfg sfg sdfg sdfgsdfg sdfgs sgf lkdjgslksdfj ;skdfj ;k ;k ;kjh ;jh;kd;lfksdfg sfg sdfg sdfgsdfg sdfgs sgf lkdjgslksdfj ;skdfj ;k ;k ;kjh ;jh;kd;lfksdfg sfg sdfg sdfgsdfg sdfgs sgf lkdjgslksdfj ;skdfj ;k ;k ;kjh ;jh;kd;lfksdfg sfg sdfg sdfgsdfg sdfgs</p>', 'activo', 1, 2, NULL, 'b387e318481a15d868947ae203085b2d', '127.0.0.1', 'localhost', 'Mozilla/5.0 (Macintosh; U; Intel Mac OS X 10_6_4; en-US) AppleWebKit/534.3 (KHTML, like Gecko) Chrome/6.0.472.63 Safari/534.3', '2010-09-30 00:00:00');
INSERT INTO `com_comunicados` VALUES(6, 'AGN / 4 / 2010-10-06', 4, 6, 1, 149, 1, 123, '2010-10-06 11:20:02', 'titulo 3', '<p style="line-height: 150%;"><span><span style="font-size: small;">M&eacute;xico, D.F. a 6 de octubre de 2010</span></span></p>\r\n<p style="line-height: 150%;"><span><span style="font-size: small;">Estimado ciudadano:</span></span></p>\r\n<p style="line-height: 150%;"><span><span style="font-size: small;">Me es muy grato comunicarte que hoy he presentado, ante el Congreso de la Uni&oacute;n, una iniciativa de reforma a la Constituci&oacute;n para establecer el mando &uacute;nico estatal de polic&iacute;a. El objetivo de esta reforma es que contemos con polic&iacute;as locales confiables, coordinadas, profesionales y bien equipadas, para darles tranquilidad y seguridad a ti y a tu familia.</span></span></p>\r\n<p style="line-height: 150%;"><span><span style="font-size: small;">Del total de los cuerpos policiales en el pa&iacute;s, las polic&iacute;as estatales y municipales representan m&aacute;s del 90 por ciento. La Polic&iacute;a Federal representa menos del 10 por ciento restante. La reforma que he presentado ante el Congreso es necesaria porque actualmente muchas polic&iacute;as municipales, que representan m&aacute;s de un tercio del total y que son las que est&aacute;n m&aacute;s cerca de ti, no tienen la capacidad de brindarte la confianza y la protecci&oacute;n que t&uacute; necesitas. Por falta de equipo, capacitaci&oacute;n y coordinaci&oacute;n son vulnerables frente a la acci&oacute;n de la delincuencia.</span></span></p>\r\n<p style="line-height: 150%;"><span><span style="font-size: small;">A partir de esta reforma habr&aacute; 32 cuerpos policiales, uno por cada entidad federativa, bajo el mando del gobernador, quien garantizar&aacute; la seguridad estatal y municipal, cuando el municipio no cuente con polic&iacute;a. Los municipios contar&aacute;n con cuerpo policial s&oacute;lo si re&uacute;nen requisitos muy estrictos para seleccionar, equipar, capacitar y desarrollar sus cuerpos policiales. Si un municipio tiene cuerpo policial, &eacute;ste tambi&eacute;n estar&aacute; bajo el mando del gobernador del estado.</span></span></p>\r\n<p style="line-height: 150%;"><span><span style="font-size: small;">Con el mando &uacute;nico de la polic&iacute;a ser&aacute; m&aacute;s f&aacute;cil para los estados coordinar su funcionamiento y responder adecuadamente en casos de urgencia. Tambi&eacute;n ser&aacute; m&aacute;s f&aacute;cil coordinar acciones con la Polic&iacute;a Federal. </span></span></p>\r\n<p style="line-height: 150%;"><span><span style="font-size: small;">Es importante recordar que m&aacute;s del 90% de los delitos que se cometen en M&eacute;xico, toca atenderlos a las autoridades locales, incluyendo el robo, la extorsi&oacute;n y el secuestro. Con esta reforma, los polic&iacute;as en cualquier nivel de gobierno estar&aacute;n mejor preparados para defender tu vida, tu patrimonio y tus libertades. </span></span></p>\r\n<p style="line-height: 150%;"><span><span style="font-size: small;">En el Gobierno Federal trabajamos por un M&eacute;xico m&aacute;s fuerte y m&aacute;s seguro para ti y tu familia. </span></span></p>\r\n<p style="margin-bottom: 0in; line-height: 100%;"><span><span style="font-size: small;"><strong>Atentamente,</strong></span></span></p>\r\n<p style="margin-bottom: 0in; line-height: 100%;">&nbsp;</p>\r\n<p style="margin-bottom: 0in; line-height: 100%;"><span><span style="font-size: small;"><strong>Felipe Calder&oacute;n Hinojosa</strong></span></span></p>\r\n<p style="margin-bottom: 0in; line-height: 100%;"><span><span style="font-size: small;"><strong>Presidente de los Estados Unidos Mexicanos</strong></span></span></p>\r\n<p>&nbsp;</p>', 'activo', 3, 4, NULL, '9e49349b881198a4ff9d6ba21a3a0e07', '::1', 'localhost', 'Mozilla/5.0 (Macintosh; U; Intel Mac OS X 10.6; en-US; rv:1.9.2.10) Gecko/20100914 Firefox/3.6.10', '2010-10-06 00:00:00');
INSERT INTO `com_comunicados` VALUES(7, 'AGN / 5 / 2010-11-08', 5, 6, 1, 147, 20, 134, '2010-11-08 12:25:24', 'dfsrdfsdf', '<p>sfd sl lkdhlfksdh lkjsh daljkh lkajds lakjsdh lkajh lsdhjkg</p>', 'activo', 1, 5, NULL, 'a32d8da84b9ea11c6744585d0f1ff89c', '::1', 'localhost', 'Mozilla/5.0 (Macintosh; U; Intel Mac OS X 10.6; en-US; rv:1.9.2.12) Gecko/20101026 Firefox/3.6.12', '2010-11-08 00:00:00');
INSERT INTO `com_comunicados` VALUES(8, 'AGN / 6 / 2010-11-08', 6, 6, 1, 142, 6, 1, '2010-11-08 13:01:07', 'dfsfsd', '<p>f sdf sd sdf fs ds ds s</p>', 'activo', 1, 6, NULL, '7392e3695eecfe17530688972eb62b49', '::1', 'localhost', 'Mozilla/5.0 (Macintosh; U; Intel Mac OS X 10.6; en-US; rv:1.9.2.12) Gecko/20101026 Firefox/3.6.12', '2010-11-08 00:00:00');
INSERT INTO `com_comunicados` VALUES(9, 'AGN / 7 / 2010-11-08', 7, 6, 1, 105, 3, 23, '2010-11-08 17:44:36', 'Cuida el Agua', '<p>Bla bla agua agua agua</p>', 'activo', 1, 7, NULL, '4470d2d844d65f9ee5a045b5f42c89c4', '::1', 'localhost', 'Mozilla/5.0 (Macintosh; U; Intel Mac OS X 10.6; en-US; rv:1.9.2.12) Gecko/20101026 Firefox/3.6.12', '2010-11-08 00:00:00');

-- --------------------------------------------------------

--
-- Table structure for table `com_dependencias`
--

CREATE TABLE `com_dependencias` (
  `id` int(11) NOT NULL AUTO_INCREMENT,
  `nombre` varchar(255) DEFAULT NULL,
  `clave` varchar(255) DEFAULT NULL,
  `web` varchar(255) DEFAULT NULL,
  `id_acalli` int(11) DEFAULT NULL,
  `direccion` tinytext,
  `telefonos` varchar(255) DEFAULT NULL,
  `tipo` enum('secretaria','dependencia','independiente') DEFAULT NULL,
  `estatus` enum('inactivo','activo') DEFAULT NULL,
  `padre` int(11) DEFAULT NULL,
  `orden` int(11) DEFAULT NULL,
  `imagen` varchar(255) DEFAULT NULL,
  PRIMARY KEY (`id`)
) ENGINE=MyISAM  DEFAULT CHARSET=utf8 AUTO_INCREMENT=173 ;

--
-- Dumping data for table `com_dependencias`
--

INSERT INTO `com_dependencias` VALUES(1, 'Secretaría de Gobernación', 'SEGOB', 'http://www.segob.gob.mx/', 15136, NULL, NULL, 'secretaria', 'activo', NULL, 1, 'segob.jpg');
INSERT INTO `com_dependencias` VALUES(2, 'Secretaría de la Defensa Nacional', 'SEDENA', 'http://www.sedena.gob.mx/', 15139, NULL, NULL, 'secretaria', 'activo', 0, 2, 'sedena.jpg');
INSERT INTO `com_dependencias` VALUES(3, 'Secretaría de Marina', 'SEMAR', 'http://www.semar.gob.mx/', 15141, NULL, NULL, 'secretaria', 'activo', 0, 3, 'semar.jpg');
INSERT INTO `com_dependencias` VALUES(4, 'Procuraduría General de la República', 'PGR', 'http://www.pgr.gob.mx', 15138, NULL, NULL, 'secretaria', 'activo', 0, 4, 'pgr.jpg');
INSERT INTO `com_dependencias` VALUES(6, 'Archivo General de la Nación', 'AGN', NULL, NULL, NULL, NULL, 'dependencia', 'activo', 1, 1, NULL);
INSERT INTO `com_dependencias` VALUES(7, 'Escuelas y Panteles Militares', 'EPM', NULL, NULL, NULL, NULL, 'dependencia', 'activo', 2, 1, NULL);
INSERT INTO `com_dependencias` VALUES(8, 'Instituto de Seguridad Social para las Fuerzas Armadas', 'ISSFAM', NULL, NULL, NULL, NULL, 'dependencia', 'activo', 2, 2, NULL);
INSERT INTO `com_dependencias` VALUES(11, 'Secretaría de Relaciones Exteriores', 'SRE', NULL, 15130, NULL, NULL, 'secretaria', 'activo', NULL, 5, NULL);
INSERT INTO `com_dependencias` VALUES(12, 'Secretaria de Economía', 'SE', NULL, 15132, NULL, NULL, 'secretaria', 'activo', 0, 6, NULL);
INSERT INTO `com_dependencias` VALUES(13, 'Secretaría de Seguridad Pública', 'SSP', NULL, 15137, NULL, NULL, 'secretaria', 'activo', 0, 7, NULL);
INSERT INTO `com_dependencias` VALUES(14, 'Secretaría de la Función Pública', 'SFP', NULL, 15140, NULL, NULL, 'secretaria', 'activo', 0, 8, NULL);
INSERT INTO `com_dependencias` VALUES(15, 'Secretaría de Hacienda y Crédito Público', 'SHCP', NULL, 15142, NULL, NULL, 'secretaria', 'activo', 0, 9, NULL);
INSERT INTO `com_dependencias` VALUES(16, 'Secretaría de Comunicaciones y Transportes', 'SCT', NULL, 15143, NULL, NULL, 'secretaria', 'activo', 0, 10, NULL);
INSERT INTO `com_dependencias` VALUES(17, 'Secretaría de Turismo', 'SECTUR', NULL, 15144, NULL, NULL, 'secretaria', 'activo', 0, 11, NULL);
INSERT INTO `com_dependencias` VALUES(18, 'Secretaría de Energía', 'SENER', NULL, 15146, NULL, NULL, 'secretaria', 'activo', 0, 12, NULL);
INSERT INTO `com_dependencias` VALUES(19, 'Secretaría de Agricultura, Ganadería, Desarrollo Rural, Pesca y Alimentación', 'SAGARPA', NULL, 15147, NULL, NULL, 'secretaria', 'activo', 0, 13, NULL);
INSERT INTO `com_dependencias` VALUES(20, 'Secretaría de Desarrollo Social', 'SEDESOL', NULL, 15148, NULL, NULL, 'secretaria', 'activo', 0, 14, NULL);
INSERT INTO `com_dependencias` VALUES(21, 'Secretaría de Educación Pública', 'SEP', NULL, 15149, NULL, NULL, 'secretaria', 'activo', 0, 15, NULL);
INSERT INTO `com_dependencias` VALUES(22, 'Secretaría de la Reforma Agraria', 'SRA', NULL, 15150, NULL, NULL, 'secretaria', 'activo', 0, 16, NULL);
INSERT INTO `com_dependencias` VALUES(23, 'Secretaría del Trabajo y Previsión Social', 'STPS', NULL, 15151, NULL, NULL, 'secretaria', 'activo', 0, 17, NULL);
INSERT INTO `com_dependencias` VALUES(24, 'Secretaría del Medio Ambiente y Recursos Naturales', 'SEMARNAT', NULL, 15152, NULL, NULL, 'secretaria', 'activo', 0, 18, NULL);
INSERT INTO `com_dependencias` VALUES(25, 'Secretaría de Salud', 'SALUD', NULL, 15153, NULL, NULL, 'secretaria', 'activo', 0, 19, NULL);
INSERT INTO `com_dependencias` VALUES(26, 'Presidencia', 'PRESIDENCIA', NULL, 15154, NULL, NULL, 'secretaria', 'activo', 0, 20, NULL);
INSERT INTO `com_dependencias` VALUES(27, 'Centro Nacional de Prevención de Desastres', 'CENAPRED', NULL, NULL, NULL, NULL, 'dependencia', 'activo', 1, 4, NULL);
INSERT INTO `com_dependencias` VALUES(28, 'Comisión Mexicana de Ayuda a Refugiados', 'COMAR', NULL, NULL, NULL, NULL, 'dependencia', 'activo', 1, 5, NULL);
INSERT INTO `com_dependencias` VALUES(29, 'Consejo Nacional de Población', 'CONAPO', NULL, NULL, NULL, NULL, 'dependencia', 'activo', 1, 6, NULL);
INSERT INTO `com_dependencias` VALUES(30, 'Consejo Nacional para Prevenir la Discriminación', 'CONAPRED', NULL, NULL, NULL, NULL, 'dependencia', 'activo', 1, 7, NULL);
INSERT INTO `com_dependencias` VALUES(31, 'Coordinación para el Diálogo y la Negociación en Chiapas', 'CDNCH', NULL, NULL, NULL, NULL, 'dependencia', 'activo', 1, 8, NULL);
INSERT INTO `com_dependencias` VALUES(32, 'Comisión Nacional para Prevenir y Erradicar la Violencia vs las Mujeres', 'CONAVIM', NULL, NULL, NULL, NULL, 'dependencia', 'activo', 1, 9, NULL);
INSERT INTO `com_dependencias` VALUES(33, 'Centro de Investigación y Seguridad Nacional', 'CISEN', NULL, NULL, NULL, NULL, 'dependencia', 'activo', 1, 10, NULL);
INSERT INTO `com_dependencias` VALUES(34, 'Instituto Nacional para el Federalismo y el Desarrollo Municipal', 'INAFED', NULL, NULL, NULL, NULL, 'dependencia', 'activo', 1, 11, NULL);
INSERT INTO `com_dependencias` VALUES(35, 'Instituto Nacional de Migración', 'INAMI', NULL, NULL, NULL, NULL, 'dependencia', 'activo', 1, 12, NULL);
INSERT INTO `com_dependencias` VALUES(36, 'Fiscalía Especializada Para la Atención de Delitos Electorales', 'FEPADE', NULL, NULL, NULL, NULL, 'dependencia', 'activo', 4, 13, NULL);
INSERT INTO `com_dependencias` VALUES(37, 'Instituto Nacional de Ciencias Penales', 'INACIPE', NULL, NULL, NULL, NULL, 'dependencia', 'activo', 4, 14, NULL);
INSERT INTO `com_dependencias` VALUES(38, 'Instituto José María Luís Mora', 'IJMLM', NULL, NULL, NULL, NULL, 'dependencia', 'activo', 11, 15, NULL);
INSERT INTO `com_dependencias` VALUES(39, 'Policía Federal', 'PF', NULL, NULL, NULL, NULL, 'dependencia', 'activo', 13, 16, NULL);
INSERT INTO `com_dependencias` VALUES(40, 'Consejo de Menores', 'CM', NULL, NULL, NULL, NULL, 'dependencia', 'activo', 13, 17, NULL);
INSERT INTO `com_dependencias` VALUES(41, 'Instituto de los Mexicanos en el Exterior', 'IME', NULL, NULL, NULL, NULL, 'dependencia', 'activo', 11, 18, NULL);
INSERT INTO `com_dependencias` VALUES(42, 'CANAL 22', 'C22', NULL, NULL, NULL, NULL, 'dependencia', 'activo', 21, 19, NULL);
INSERT INTO `com_dependencias` VALUES(43, 'CINETECA NACIONAL', 'CN', NULL, NULL, NULL, NULL, 'dependencia', 'activo', 21, 20, NULL);
INSERT INTO `com_dependencias` VALUES(44, 'COLEGIO DE BACHILLERES', 'CB', NULL, NULL, NULL, NULL, 'dependencia', 'activo', 21, 21, NULL);
INSERT INTO `com_dependencias` VALUES(45, 'Consejo Nacional para la Cultura y las Artes', 'CONACULTA', NULL, NULL, NULL, NULL, 'dependencia', 'activo', 21, 22, NULL);
INSERT INTO `com_dependencias` VALUES(46, 'Consejo Nacional de Ciencia y Tecnología', 'CONACYT', NULL, NULL, NULL, NULL, 'dependencia', 'activo', 21, 23, NULL);
INSERT INTO `com_dependencias` VALUES(47, 'Comisión Nacional de Cultura Física y Deporte', 'CONADE', NULL, NULL, NULL, NULL, 'dependencia', 'activo', 21, 24, NULL);
INSERT INTO `com_dependencias` VALUES(48, 'Consejo Nacional de Fomento Educativo', 'CONAFE', NULL, NULL, NULL, NULL, 'dependencia', 'activo', 21, 25, NULL);
INSERT INTO `com_dependencias` VALUES(49, 'Colegio Nacional de Educación Profesional Técnica', 'CONALEP', NULL, NULL, NULL, NULL, 'dependencia', 'activo', 21, 26, NULL);
INSERT INTO `com_dependencias` VALUES(50, 'Comisión Nacional de Libros de Texto Gratuitos', 'CONALITEG', NULL, NULL, NULL, NULL, 'dependencia', 'activo', 21, 27, NULL);
INSERT INTO `com_dependencias` VALUES(51, 'Dirección General de Televisión Educativa', 'DGTVE', NULL, NULL, NULL, NULL, 'dependencia', 'activo', 21, 28, NULL);
INSERT INTO `com_dependencias` VALUES(52, 'FESTIVAL INTERNACIONAL CERVANTINO', 'FIC', NULL, NULL, NULL, NULL, 'dependencia', 'activo', 21, 29, NULL);
INSERT INTO `com_dependencias` VALUES(53, 'FONDO DE CULTURA ECONÓMICA', 'FCE', NULL, NULL, NULL, NULL, 'dependencia', 'activo', 21, 30, NULL);
INSERT INTO `com_dependencias` VALUES(54, 'FONOTECA NACIONAL', 'FN', NULL, NULL, NULL, NULL, 'dependencia', 'activo', 21, 31, NULL);
INSERT INTO `com_dependencias` VALUES(55, 'Instituto Mexicano de la Radio', 'IMER', NULL, NULL, NULL, NULL, 'dependencia', 'activo', 21, 32, NULL);
INSERT INTO `com_dependencias` VALUES(56, 'Instituto Mexicano de la Juventud', 'IMJUVE', NULL, NULL, NULL, NULL, 'dependencia', 'activo', 21, 33, NULL);
INSERT INTO `com_dependencias` VALUES(57, 'Instituto Nacional de Bellas Artes', 'INBA', NULL, NULL, NULL, NULL, 'dependencia', 'activo', 21, 34, NULL);
INSERT INTO `com_dependencias` VALUES(58, 'Instituto Nacional de Antropología e Historia', 'INAH', NULL, NULL, NULL, NULL, 'dependencia', 'activo', 21, 35, NULL);
INSERT INTO `com_dependencias` VALUES(59, 'Instituto Nacional de Lenguas Indígenas', 'INALI', NULL, NULL, NULL, NULL, 'dependencia', 'activo', 21, 36, NULL);
INSERT INTO `com_dependencias` VALUES(60, 'Instituto Nacional para la Evaluación de la Educación', 'INEE', NULL, NULL, NULL, NULL, 'dependencia', 'activo', 21, 37, NULL);
INSERT INTO `com_dependencias` VALUES(61, 'Instituto Nacional de la Infraestructura Física Educativa', 'INIFED', NULL, NULL, NULL, NULL, 'dependencia', 'activo', 21, 38, NULL);
INSERT INTO `com_dependencias` VALUES(62, 'Instituto Nacional del Derecho de Autor', 'INDAUTOR', NULL, NULL, NULL, NULL, 'dependencia', 'activo', 21, 39, NULL);
INSERT INTO `com_dependencias` VALUES(63, 'Instituto Nacional para la  Educación de los Adultos', 'INEA', NULL, NULL, NULL, NULL, 'dependencia', 'activo', 21, 40, NULL);
INSERT INTO `com_dependencias` VALUES(64, 'Instituto Politécnico Nacional', 'IPN', NULL, NULL, NULL, NULL, 'dependencia', 'activo', 21, 41, NULL);
INSERT INTO `com_dependencias` VALUES(65, 'RADIO EDUCACIÓN', 'RE', NULL, NULL, NULL, NULL, 'dependencia', 'activo', 21, 42, NULL);
INSERT INTO `com_dependencias` VALUES(66, 'Universidad Pedagógica Nacional', 'UPN', NULL, NULL, NULL, NULL, 'dependencia', 'activo', 21, 43, NULL);
INSERT INTO `com_dependencias` VALUES(67, 'Administración del Patrimonio para la Beneficencia Pública', 'APBP', NULL, NULL, NULL, NULL, 'dependencia', 'activo', 25, 44, NULL);
INSERT INTO `com_dependencias` VALUES(68, 'Laboratorios de Biológicos y Reactivos de México, S.A. de C.V.', 'BIRMEX', NULL, NULL, NULL, NULL, 'dependencia', 'activo', 25, 45, NULL);
INSERT INTO `com_dependencias` VALUES(69, 'Centro Nacional de Equidad de Género y Salud Reproductiva', 'CNEGSR', NULL, NULL, NULL, NULL, 'dependencia', 'activo', 25, 46, NULL);
INSERT INTO `com_dependencias` VALUES(70, 'Centro Nacional de Excelencia Tecnológica en Salud', 'CENETEC', NULL, NULL, NULL, NULL, 'dependencia', 'activo', 25, 47, NULL);
INSERT INTO `com_dependencias` VALUES(71, 'Centro Nacional de Trasplantes', 'CENATRA', NULL, NULL, NULL, NULL, 'dependencia', 'activo', 25, 48, NULL);
INSERT INTO `com_dependencias` VALUES(72, 'Centro Nacional para la Prevención y el Control del VIH SIDA', 'CENSIDA', NULL, NULL, NULL, NULL, 'dependencia', 'activo', 25, 49, NULL);
INSERT INTO `com_dependencias` VALUES(73, 'Centro Nacional para la Salud de la Infancia y la Adolescencia', 'CENSIA', NULL, NULL, NULL, NULL, 'dependencia', 'activo', 25, 50, NULL);
INSERT INTO `com_dependencias` VALUES(74, 'Centro Nacional de la Transfusión Sanguínea', 'CNTS', NULL, NULL, NULL, NULL, 'dependencia', 'activo', 25, 51, NULL);
INSERT INTO `com_dependencias` VALUES(75, 'Centros de Integración Juvenil', 'CIJ', NULL, NULL, NULL, NULL, 'dependencia', 'activo', 25, 52, NULL);
INSERT INTO `com_dependencias` VALUES(76, 'Confederación Federal para la Protección Contra Riesgos Sanitarios', 'COFEPRIS', NULL, NULL, NULL, NULL, 'dependencia', 'activo', 25, 53, NULL);
INSERT INTO `com_dependencias` VALUES(77, 'Comisión Nacional de Arbitraje medico', 'CONAMED', NULL, NULL, NULL, NULL, 'dependencia', 'activo', 25, 54, NULL);
INSERT INTO `com_dependencias` VALUES(78, 'Consejo de Salubridad General', 'CSG', NULL, NULL, NULL, NULL, 'dependencia', 'activo', 25, 55, NULL);
INSERT INTO `com_dependencias` VALUES(79, 'Sistema para el Desarrollo Integral de la Familia', 'DIF', NULL, NULL, NULL, NULL, 'dependencia', 'activo', 25, 56, NULL);
INSERT INTO `com_dependencias` VALUES(80, 'Instituto Mexicano del Seguro Social', 'IMSS', NULL, NULL, NULL, NULL, 'dependencia', 'activo', 25, 57, NULL);
INSERT INTO `com_dependencias` VALUES(81, 'Instituto Nacional de Medicina Genómica', 'INMEGEN', NULL, NULL, NULL, NULL, 'dependencia', 'activo', 25, 58, NULL);
INSERT INTO `com_dependencias` VALUES(82, 'Instituto Nacional de Enfermedades Respiratorias', 'INER', NULL, NULL, NULL, NULL, 'dependencia', 'activo', 25, 59, NULL);
INSERT INTO `com_dependencias` VALUES(83, 'Instituto Nacional de Salud Pública', 'INSP', NULL, NULL, NULL, NULL, 'dependencia', 'activo', 25, 60, NULL);
INSERT INTO `com_dependencias` VALUES(84, 'Instituto de Seguridad y Servicios Sociales de los Trabajadores del Estado', 'ISSSTE', NULL, NULL, NULL, NULL, 'dependencia', 'activo', 25, 61, NULL);
INSERT INTO `com_dependencias` VALUES(85, 'Comisión Nacional para el Conocimiento y Uso de la Biodiversidad', 'CONABIO', NULL, NULL, NULL, NULL, 'dependencia', 'activo', 24, 62, NULL);
INSERT INTO `com_dependencias` VALUES(86, 'Comisión Nacional Forestal', 'CONAFOR', NULL, NULL, NULL, NULL, 'dependencia', 'activo', 24, 63, NULL);
INSERT INTO `com_dependencias` VALUES(87, 'Comisión Nacional del Agua', 'CONAGUA', NULL, NULL, NULL, NULL, 'dependencia', 'activo', 24, 64, NULL);
INSERT INTO `com_dependencias` VALUES(88, 'Comisión  Nacional de Áreas Naturales Protegidas', 'CONANP', NULL, NULL, NULL, NULL, 'dependencia', 'activo', 24, 65, NULL);
INSERT INTO `com_dependencias` VALUES(89, 'Procuraduría Federal para la Protección Ambiental', 'PROFEPA', NULL, NULL, NULL, NULL, 'dependencia', 'activo', 24, 66, NULL);
INSERT INTO `com_dependencias` VALUES(90, 'Instituto Mexicano de la Tecnología del Agua', 'IMTA', NULL, NULL, NULL, NULL, 'dependencia', 'activo', 24, 67, NULL);
INSERT INTO `com_dependencias` VALUES(91, 'Instituto Nacional de Ecología', 'INE', NULL, NULL, NULL, NULL, 'dependencia', 'activo', 24, 68, NULL);
INSERT INTO `com_dependencias` VALUES(92, 'Apoyos y Servicios a la Comercialización Agropecuaria', 'ASERCA', NULL, NULL, NULL, NULL, 'dependencia', 'activo', 19, 69, NULL);
INSERT INTO `com_dependencias` VALUES(93, 'Colegio de Posgraduados', 'COLPOS', NULL, NULL, NULL, NULL, 'dependencia', 'activo', 19, 70, NULL);
INSERT INTO `com_dependencias` VALUES(94, 'Comisión Nacional de Acuacultura y Pesca', 'CONAPESCA', NULL, NULL, NULL, NULL, 'dependencia', 'activo', 19, 71, NULL);
INSERT INTO `com_dependencias` VALUES(95, 'Comisión Nacional de Zonas  Áridas', 'CONAZA', NULL, NULL, NULL, NULL, 'dependencia', 'activo', 19, 72, NULL);
INSERT INTO `com_dependencias` VALUES(96, 'Fideicomiso de Riesgo Compartido/ Agencia Promotora de Agro negocios', 'FIRCO', NULL, NULL, NULL, NULL, 'dependencia', 'activo', 19, 73, NULL);
INSERT INTO `com_dependencias` VALUES(97, 'Instituto Nacional para el Desarrollo de Capacidades del Sector Rural', 'INCARURAL', NULL, NULL, NULL, NULL, 'dependencia', 'activo', 19, 74, NULL);
INSERT INTO `com_dependencias` VALUES(98, 'Instituto Nacional de Investigadores Forestales, Agrícolas y Pecuarias', 'INIFAP', NULL, NULL, NULL, NULL, 'dependencia', 'activo', 19, 75, NULL);
INSERT INTO `com_dependencias` VALUES(99, 'Instituto Nacional de la Pesca', 'INAPESCA', NULL, NULL, NULL, NULL, 'dependencia', 'activo', 19, 76, NULL);
INSERT INTO `com_dependencias` VALUES(100, 'Productora Nacional de Biológicos Veterinarios', 'PRONABIVE', NULL, NULL, NULL, NULL, 'dependencia', 'activo', 19, 77, NULL);
INSERT INTO `com_dependencias` VALUES(101, 'Servicio Nacional de Sanidad, Inocuidad y Calidad Agroalimentaria', 'SENASICA', NULL, NULL, NULL, NULL, 'dependencia', 'activo', 19, 78, NULL);
INSERT INTO `com_dependencias` VALUES(102, 'Servicio de Información Agroalimentaria y Pesquera', 'SIAP', NULL, NULL, NULL, NULL, 'dependencia', 'activo', 19, 79, NULL);
INSERT INTO `com_dependencias` VALUES(103, 'Servicio Nacional de Inspección y Certificación de Semillas', 'SNICS', NULL, NULL, NULL, NULL, 'dependencia', 'activo', 19, 80, NULL);
INSERT INTO `com_dependencias` VALUES(104, 'Fideicomiso Fondo Nacional de Fomento Ejidal', 'FIFONAFE', NULL, NULL, NULL, NULL, 'dependencia', 'activo', 22, 81, NULL);
INSERT INTO `com_dependencias` VALUES(105, 'Procuraduría Agraria', 'PA', NULL, NULL, NULL, NULL, 'dependencia', 'activo', 22, 82, NULL);
INSERT INTO `com_dependencias` VALUES(106, 'Registro Agrario Nacional', 'RAN', NULL, NULL, NULL, NULL, 'dependencia', 'activo', 22, 83, NULL);
INSERT INTO `com_dependencias` VALUES(107, 'Aeropuertos y Servicios Auxiliares', 'ASA', NULL, NULL, NULL, NULL, 'dependencia', 'activo', 16, 84, NULL);
INSERT INTO `com_dependencias` VALUES(108, 'Caminos y Puentes Federales', 'CAPUFE', NULL, NULL, NULL, NULL, 'dependencia', 'activo', 16, 85, NULL);
INSERT INTO `com_dependencias` VALUES(109, 'Comisión Federal de Telecomunicaciones', 'COFETEL', NULL, NULL, NULL, NULL, 'dependencia', 'activo', 16, 86, NULL);
INSERT INTO `com_dependencias` VALUES(110, 'Coordinación General de Puertos y Marina Mercante', 'CGPMM', NULL, NULL, NULL, NULL, 'dependencia', 'activo', 16, 87, NULL);
INSERT INTO `com_dependencias` VALUES(111, 'Ferrocarril del Istmo de Tehuantepec', 'FIT', NULL, NULL, NULL, NULL, 'dependencia', 'activo', 16, 88, NULL);
INSERT INTO `com_dependencias` VALUES(112, 'Ferrocarriles Nacionales de México', 'FNM', NULL, NULL, NULL, NULL, 'dependencia', 'activo', 16, 89, NULL);
INSERT INTO `com_dependencias` VALUES(113, 'Fideicomiso de Formación y Capacitación para el Personal de la Marina Mercante Nacional', 'FIDENA', NULL, NULL, NULL, NULL, 'dependencia', 'activo', 16, 90, NULL);
INSERT INTO `com_dependencias` VALUES(114, 'Instituto Mexicano del Transporte', 'IMT', NULL, NULL, NULL, NULL, 'dependencia', 'activo', 16, 91, NULL);
INSERT INTO `com_dependencias` VALUES(115, 'Servicios a la Navegación en el Espacio Aéreo Mexicano', 'SENEAM', NULL, NULL, NULL, NULL, 'dependencia', 'activo', 16, 92, NULL);
INSERT INTO `com_dependencias` VALUES(116, 'Servicio Postal Mexicano', 'SEPOMEX', NULL, NULL, NULL, NULL, 'dependencia', 'activo', 16, 93, NULL);
INSERT INTO `com_dependencias` VALUES(117, 'Telecomunicaciones de México', 'TELECOM', NULL, NULL, NULL, NULL, 'dependencia', 'activo', 16, 94, NULL);
INSERT INTO `com_dependencias` VALUES(118, 'Comisión Federal de Electricidad', 'CFE', NULL, NULL, NULL, NULL, 'dependencia', 'activo', 18, 95, NULL);
INSERT INTO `com_dependencias` VALUES(119, 'Comisión Reguladora de Energía', 'CRE', NULL, NULL, NULL, NULL, 'dependencia', 'activo', 18, 96, NULL);
INSERT INTO `com_dependencias` VALUES(120, 'Compañía Mexicana de Exploraciones, S.A. de C.V.', 'COMESA', NULL, NULL, NULL, NULL, 'dependencia', 'activo', 18, 97, NULL);
INSERT INTO `com_dependencias` VALUES(121, 'Comisión Nacional para el Uso Eficiente de la Energía', 'CONUEE', NULL, NULL, NULL, NULL, 'dependencia', 'activo', 18, 98, NULL);
INSERT INTO `com_dependencias` VALUES(122, 'Comisión Nacional de Seguridad Nuclear y Salvaguardas', 'CNSNS', NULL, NULL, NULL, NULL, 'dependencia', 'activo', 18, 99, NULL);
INSERT INTO `com_dependencias` VALUES(123, 'Instituto Mexicano del Petróleo', 'IMP', NULL, NULL, NULL, NULL, 'dependencia', 'activo', 18, 100, NULL);
INSERT INTO `com_dependencias` VALUES(124, 'Instituto de Investigaciones Eléctricas', 'IIE', NULL, NULL, NULL, NULL, 'dependencia', 'activo', 18, 101, NULL);
INSERT INTO `com_dependencias` VALUES(125, 'Instituto Nacional de Investigaciones Nucleares', 'ININ', NULL, NULL, NULL, NULL, 'dependencia', 'activo', 18, 102, NULL);
INSERT INTO `com_dependencias` VALUES(126, 'Fideicomiso de Fomento Minero', 'FIFOMI', NULL, NULL, NULL, NULL, 'dependencia', 'activo', 18, 103, NULL);
INSERT INTO `com_dependencias` VALUES(127, 'Petróleos Mexicanos', 'PEMEX', NULL, NULL, NULL, NULL, 'dependencia', 'activo', 18, 104, NULL);
INSERT INTO `com_dependencias` VALUES(128, 'Sistema de Información Energética', 'SIE', NULL, NULL, NULL, NULL, 'dependencia', 'activo', 18, 105, NULL);
INSERT INTO `com_dependencias` VALUES(129, 'AGROASEMEX, S.A.', 'AGROASEMEX', NULL, NULL, NULL, NULL, 'dependencia', 'activo', 15, 106, NULL);
INSERT INTO `com_dependencias` VALUES(130, 'Banco Nacional de Comercio Exterior', 'BANCOMEXT', NULL, NULL, NULL, NULL, 'dependencia', 'activo', 15, 107, NULL);
INSERT INTO `com_dependencias` VALUES(131, 'Banca Nacional de Obras y Servicios Públicos', 'BANOBRAS', NULL, NULL, NULL, NULL, 'dependencia', 'activo', 15, 108, NULL);
INSERT INTO `com_dependencias` VALUES(132, 'Bando de Desarrollo Rural', 'BANRURAL', NULL, NULL, NULL, NULL, 'dependencia', 'activo', 15, 109, NULL);
INSERT INTO `com_dependencias` VALUES(133, 'Banco del Ahorro Nacional y Servicios Financieros', 'BANSEFI', NULL, NULL, NULL, NULL, 'dependencia', 'activo', 15, 110, NULL);
INSERT INTO `com_dependencias` VALUES(134, 'Casa de Moneda de México', 'CMM', NULL, NULL, NULL, NULL, 'dependencia', 'activo', 15, 111, NULL);
INSERT INTO `com_dependencias` VALUES(135, 'Comisión Nacional para la Defensa de los Usuarios de las Instituciones Financieras', 'CONDUSEF', NULL, NULL, NULL, NULL, 'dependencia', 'activo', 15, 112, NULL);
INSERT INTO `com_dependencias` VALUES(136, 'Comisión Nacional del Sistema de Ahorro para el Retiro', 'CONSAR', NULL, NULL, NULL, NULL, 'dependencia', 'activo', 15, 113, NULL);
INSERT INTO `com_dependencias` VALUES(137, 'Comisión Nacional Bancaria y de Valores', 'CNBV', NULL, NULL, NULL, NULL, 'dependencia', 'activo', 15, 114, NULL);
INSERT INTO `com_dependencias` VALUES(138, 'Comisión Nacional de Seguros y Fianzas', 'CNSF', NULL, NULL, NULL, NULL, 'dependencia', 'activo', 15, 115, NULL);
INSERT INTO `com_dependencias` VALUES(139, 'FINANCIERA RURAL', 'FR', NULL, NULL, NULL, NULL, 'dependencia', 'activo', 15, 116, NULL);
INSERT INTO `com_dependencias` VALUES(140, 'Fondo de Capitalización e Inversión del Sector Rural', 'FOCIR', NULL, NULL, NULL, NULL, 'dependencia', 'activo', 15, 117, NULL);
INSERT INTO `com_dependencias` VALUES(141, 'Instituto Nacional de Estadística y Geografía', 'INEGI', NULL, NULL, NULL, NULL, 'dependencia', 'activo', 15, 118, NULL);
INSERT INTO `com_dependencias` VALUES(142, 'Instituto para la Protección del Ahorro Bancario', 'IPAB', NULL, NULL, NULL, NULL, 'dependencia', 'activo', 15, 119, NULL);
INSERT INTO `com_dependencias` VALUES(143, 'Lotería Nacional de México', 'LOTENAL', NULL, NULL, NULL, NULL, 'dependencia', 'activo', 15, 120, NULL);
INSERT INTO `com_dependencias` VALUES(144, 'Pronósticos para la Asistencia Pública', 'PAP', NULL, NULL, NULL, NULL, 'dependencia', 'activo', 15, 121, NULL);
INSERT INTO `com_dependencias` VALUES(145, 'Nacional Financiera', 'NAFIN', NULL, NULL, NULL, NULL, 'dependencia', 'activo', 15, 122, NULL);
INSERT INTO `com_dependencias` VALUES(146, 'Servicio de Administración tributaria', 'SAT', NULL, NULL, NULL, NULL, 'dependencia', 'activo', 15, 123, NULL);
INSERT INTO `com_dependencias` VALUES(147, 'Servicio de Administración y Enajenación de Bienes', 'SAE', NULL, NULL, NULL, NULL, 'dependencia', 'activo', 15, 124, NULL);
INSERT INTO `com_dependencias` VALUES(148, 'Centro Nacional de Meteorología', 'CENAM', NULL, NULL, NULL, NULL, 'dependencia', 'activo', 12, 125, NULL);
INSERT INTO `com_dependencias` VALUES(149, 'Comisión Intersectorial de Política Industrial', 'CIPI', NULL, NULL, NULL, NULL, 'dependencia', 'activo', 12, 126, NULL);
INSERT INTO `com_dependencias` VALUES(150, 'Comisión Federal de Competencia', 'COFECO', NULL, NULL, NULL, NULL, 'dependencia', 'activo', 12, 127, NULL);
INSERT INTO `com_dependencias` VALUES(151, 'Comisión  Federal de Mejora Regulatoria', 'COFEMER', NULL, NULL, NULL, NULL, 'dependencia', 'activo', 12, 128, NULL);
INSERT INTO `com_dependencias` VALUES(152, 'Coordinación General del Programa Nacional de Apoyo para las Empresas de Solidaridad', 'CGPNAES', NULL, NULL, NULL, NULL, 'dependencia', 'activo', 12, 129, NULL);
INSERT INTO `com_dependencias` VALUES(153, 'Exportadora de Sal, S.A. de C.V.', 'ESSA', NULL, NULL, NULL, NULL, 'dependencia', 'activo', 12, 130, NULL);
INSERT INTO `com_dependencias` VALUES(154, 'Fondo de Apoyo a Empresas de Solidaridad', 'FONAES', NULL, NULL, NULL, NULL, 'dependencia', 'activo', 12, 131, NULL);
INSERT INTO `com_dependencias` VALUES(155, 'Instituto Mexicano de la Propiedad Industrial', 'IMPI', NULL, NULL, NULL, NULL, 'dependencia', 'activo', 12, 132, NULL);
INSERT INTO `com_dependencias` VALUES(156, 'Programa Nacional de Financiamiento al Microempresario', 'PRONAFIM', NULL, NULL, NULL, NULL, 'dependencia', 'activo', 12, 133, NULL);
INSERT INTO `com_dependencias` VALUES(157, 'Procuraduría Federal del Consumidor', 'PROFECO', NULL, NULL, NULL, NULL, 'dependencia', 'activo', 12, 134, NULL);
INSERT INTO `com_dependencias` VALUES(158, 'Servicio Geológico Mexicano', 'SGM', NULL, NULL, NULL, NULL, 'dependencia', 'activo', 12, 135, NULL);
INSERT INTO `com_dependencias` VALUES(159, 'Consejo de Promoción Turística de México', 'CPTM', NULL, NULL, NULL, NULL, 'dependencia', 'activo', 17, 136, NULL);
INSERT INTO `com_dependencias` VALUES(160, 'Fondo Nacional de Fomento al Turismo', 'FONATUR', NULL, NULL, NULL, NULL, 'dependencia', 'activo', 17, 137, NULL);
INSERT INTO `com_dependencias` VALUES(161, 'Comisión Nacional de Salarios Mínimos', 'CONASAMI', NULL, NULL, NULL, NULL, 'dependencia', 'activo', 23, 138, NULL);
INSERT INTO `com_dependencias` VALUES(162, 'Comisión Nacional Mixta de Protección al Salario', 'CONAMPROS', NULL, NULL, NULL, NULL, 'dependencia', 'activo', 23, 139, NULL);
INSERT INTO `com_dependencias` VALUES(163, 'Fondo Nacional para el Consumo de los Trabajadores', 'FONACOT', NULL, NULL, NULL, NULL, 'dependencia', 'activo', 23, 140, NULL);
INSERT INTO `com_dependencias` VALUES(164, 'Procuraduría Federal de la Defensa del Trabajo', 'PROFEDET', NULL, NULL, NULL, NULL, 'dependencia', 'activo', 23, 141, NULL);
INSERT INTO `com_dependencias` VALUES(165, 'Comisión Nacional de Avalúos de Bienes Nacionales', 'CABAIN', NULL, NULL, NULL, NULL, 'dependencia', 'activo', 14, 142, NULL);
INSERT INTO `com_dependencias` VALUES(166, 'Comisión Intersecretarial para la Transparencia y el Combate a la Corrupción', 'CITCC', NULL, NULL, NULL, NULL, 'dependencia', 'activo', 14, 143, NULL);
INSERT INTO `com_dependencias` VALUES(167, 'Instituto de Administración y Avalúos de Bienes Nacionales', 'INDAABIN', NULL, NULL, NULL, NULL, 'dependencia', 'activo', 14, 144, NULL);
INSERT INTO `com_dependencias` VALUES(168, 'Sistema de Organización de Archivo', 'SOA', NULL, NULL, NULL, NULL, 'dependencia', 'activo', 14, 145, NULL);
INSERT INTO `com_dependencias` VALUES(169, 'ORGANISMOS NO SECTORIZADOS', 'ONS', NULL, NULL, NULL, NULL, 'secretaria', 'activo', 0, 21, NULL);
INSERT INTO `com_dependencias` VALUES(170, 'Instituto Nacional de las Mujeres', 'INMUJERES', NULL, NULL, NULL, NULL, 'dependencia', 'activo', 169, 146, NULL);
INSERT INTO `com_dependencias` VALUES(171, 'Comisión Nacional para el Desarrollo de los Pueblos Indígenas', 'CDI', NULL, NULL, NULL, NULL, 'dependencia', 'activo', 169, 147, NULL);
INSERT INTO `com_dependencias` VALUES(172, 'Comisión Nacional de Vivienda', 'CONAVI', NULL, NULL, NULL, NULL, 'dependencia', 'activo', 169, 148, NULL);

-- --------------------------------------------------------

--
-- Table structure for table `com_relaciones`
--

CREATE TABLE `com_relaciones` (
  `id` int(11) NOT NULL AUTO_INCREMENT,
  `id_1` int(11) DEFAULT NULL,
  `id_2` int(11) DEFAULT NULL,
  `relacion` varchar(255) DEFAULT NULL,
  `orden` int(11) DEFAULT NULL,
  PRIMARY KEY (`id`)
) ENGINE=MyISAM DEFAULT CHARSET=utf8 AUTO_INCREMENT=1 ;

--
-- Dumping data for table `com_relaciones`
--


-- --------------------------------------------------------

--
-- Table structure for table `com_sectores`
--

CREATE TABLE `com_sectores` (
  `id` int(11) NOT NULL AUTO_INCREMENT,
  `nombre` varchar(255) DEFAULT NULL,
  `tipo` enum('sector','tema','programa') DEFAULT NULL,
  `estatus` enum('inactivo','activo') DEFAULT NULL,
  `padre` int(11) DEFAULT NULL,
  `orden` int(11) DEFAULT NULL,
  `observaciones` text,
  PRIMARY KEY (`id`)
) ENGINE=MyISAM  DEFAULT CHARSET=utf8 AUTO_INCREMENT=150 ;

--
-- Dumping data for table `com_sectores`
--

INSERT INTO `com_sectores` VALUES(1, 'Económico e Infraestructura', 'sector', 'activo', 0, 1, NULL);
INSERT INTO `com_sectores` VALUES(2, 'Modernización de Telecomunicaciones', 'tema', 'activo', 1, 1, NULL);
INSERT INTO `com_sectores` VALUES(3, 'Reforma en Telecomunicaciones', 'programa', 'activo', 2, 1, NULL);
INSERT INTO `com_sectores` VALUES(4, 'Social', 'sector', 'activo', 0, 2, NULL);
INSERT INTO `com_sectores` VALUES(5, 'Lucha Frontal Contra la Pobreza', 'tema', 'activo', 4, 1, NULL);
INSERT INTO `com_sectores` VALUES(7, 'Cobertura Universal de los Servicios de Salud', 'tema', 'activo', 4, 2, NULL);
INSERT INTO `com_sectores` VALUES(17, 'Cedula Única de Identidad (CEDI)', 'tema', 'activo', 16, 1, NULL);
INSERT INTO `com_sectores` VALUES(16, 'Gobernabilidad', 'sector', 'activo', 0, 3, NULL);
INSERT INTO `com_sectores` VALUES(15, 'Programa Seguro Popular', 'programa', 'activo', 7, 1, NULL);
INSERT INTO `com_sectores` VALUES(18, 'Cedula Única de Identidad', 'programa', 'activo', 17, 1, NULL);
INSERT INTO `com_sectores` VALUES(19, 'Programa de Apoyo Alimentario y Abasto Rural', 'programa', 'activo', 5, 1, NULL);
INSERT INTO `com_sectores` VALUES(20, 'Modernización de Pemex', 'tema', 'activo', 1, 2, NULL);
INSERT INTO `com_sectores` VALUES(21, 'Reforma Energética ', 'programa', 'activo', 20, 1, NULL);
INSERT INTO `com_sectores` VALUES(35, 'Programa para Incrementar la Eficiencia Operativa en Petróleos Mexicanos y sus Organismos Subsidiarios', 'programa', 'activo', 20, 2, NULL);
INSERT INTO `com_sectores` VALUES(36, 'Programa de Eficiencia y Transparencia Productividad', 'programa', 'activo', 20, 3, NULL);
INSERT INTO `com_sectores` VALUES(37, 'Reforma Laboral', 'tema', 'activo', 1, 3, NULL);
INSERT INTO `com_sectores` VALUES(38, 'Iniciativa de Reforma Laboral', 'programa', 'activo', 37, 1, NULL);
INSERT INTO `com_sectores` VALUES(39, 'Acuerdo Nacional para la Productividad Laboral', 'programa', 'activo', 37, 2, NULL);
INSERT INTO `com_sectores` VALUES(40, 'Programa de Apoyo a la Productividad Laboral', 'programa', 'activo', 37, 3, NULL);
INSERT INTO `com_sectores` VALUES(41, 'Tala Regulatoria', 'tema', 'activo', 1, 4, NULL);
INSERT INTO `com_sectores` VALUES(42, 'Reforma Regulatoria', 'programa', 'activo', 41, 1, NULL);
INSERT INTO `com_sectores` VALUES(43, 'Programa Especial de Mejora de la Gestión en la Administración Pública Federal 2008-2012', 'programa', 'activo', 41, 2, NULL);
INSERT INTO `com_sectores` VALUES(44, 'Rendición de Cuentas, Transparencia y Combate a la Corrupción 2008-2012', 'programa', 'activo', 41, 3, NULL);
INSERT INTO `com_sectores` VALUES(45, 'El Trámite más Inútil', 'programa', 'activo', 41, 4, NULL);
INSERT INTO `com_sectores` VALUES(46, 'Reestructurar Luz y Fuerza del Centro', 'tema', 'activo', 1, 5, NULL);
INSERT INTO `com_sectores` VALUES(47, 'Decreto de Extinción de LYFC', 'programa', 'activo', 46, 1, NULL);
INSERT INTO `com_sectores` VALUES(48, 'Reforma al Sistema Financiero', 'tema', 'activo', 1, 6, NULL);
INSERT INTO `com_sectores` VALUES(49, 'Reforma Hacendaria', 'programa', 'activo', 48, 1, NULL);
INSERT INTO `com_sectores` VALUES(50, 'Fortalecer las Finanzas Públicas', 'tema', 'activo', 1, 7, NULL);
INSERT INTO `com_sectores` VALUES(51, 'Reforma de las Finanzas Públicas', 'programa', 'activo', 50, 1, NULL);
INSERT INTO `com_sectores` VALUES(52, 'Competencia en Radio y Tv', 'tema', 'activo', 1, 8, NULL);
INSERT INTO `com_sectores` VALUES(53, 'Reformas a la Ley Federal de Radio y Televisión', 'programa', 'activo', 52, 1, NULL);
INSERT INTO `com_sectores` VALUES(54, 'Diversificación de la Oferta Turística del País', 'tema', 'activo', 1, 9, NULL);
INSERT INTO `com_sectores` VALUES(55, 'Rutas de México', 'programa', 'activo', 54, 1, NULL);
INSERT INTO `com_sectores` VALUES(56, 'Turismo Cultural', 'programa', 'activo', 54, 2, NULL);
INSERT INTO `com_sectores` VALUES(57, 'Pueblos Mágicos', 'programa', 'activo', 54, 3, NULL);
INSERT INTO `com_sectores` VALUES(58, 'Paquete de Proyectos Estratégicos en Infraestructura', 'tema', 'activo', 1, 10, NULL);
INSERT INTO `com_sectores` VALUES(59, 'Programa Nacional de Infraestructura 2007-2012', 'programa', 'activo', 58, 1, NULL);
INSERT INTO `com_sectores` VALUES(60, 'Programa Carretero 2007-2012', 'programa', 'activo', 58, 2, NULL);
INSERT INTO `com_sectores` VALUES(61, 'Desarrollo Aeroportuario Nacional', 'programa', 'activo', 58, 3, NULL);
INSERT INTO `com_sectores` VALUES(62, 'Modernización del Autotransporte', 'programa', 'activo', 58, 4, NULL);
INSERT INTO `com_sectores` VALUES(63, 'Abasto Social de Leche a cargo de Liconsa', 'programa', 'activo', 5, 2, NULL);
INSERT INTO `com_sectores` VALUES(64, 'Programa de Ahorro y Subsidio para la Vivienda "Tu Casa"', 'programa', 'activo', 5, 3, NULL);
INSERT INTO `com_sectores` VALUES(65, 'Vivienda Rural (FONHAPO)', 'programa', 'activo', 5, 4, NULL);
INSERT INTO `com_sectores` VALUES(66, 'Programa Jornaleros Agrícolas', 'programa', 'activo', 5, 5, NULL);
INSERT INTO `com_sectores` VALUES(67, 'Estrategia 100x100', 'programa', 'activo', 5, 6, NULL);
INSERT INTO `com_sectores` VALUES(68, 'Piso Firme', 'programa', 'activo', 5, 7, NULL);
INSERT INTO `com_sectores` VALUES(69, 'Programa de Desarrollo Humano Oportunidades', 'programa', 'activo', 5, 8, NULL);
INSERT INTO `com_sectores` VALUES(70, 'IMSS - Oportunidades', 'programa', 'activo', 5, 9, NULL);
INSERT INTO `com_sectores` VALUES(71, 'Atención a los Adultos Mayores de 70 años y más en Zonas Rurales', 'programa', 'activo', 5, 10, NULL);
INSERT INTO `com_sectores` VALUES(72, 'Programa Opciones Productivas', 'programa', 'activo', 5, 11, NULL);
INSERT INTO `com_sectores` VALUES(73, 'Programa de Coinversión Social', 'programa', 'activo', 5, 12, NULL);
INSERT INTO `com_sectores` VALUES(74, 'Programa Capacitación y Asistencia Técnica Fonart', 'programa', 'activo', 5, 13, NULL);
INSERT INTO `com_sectores` VALUES(75, 'Programa Financiamiento a la Producción Fonart', 'programa', 'activo', 5, 14, NULL);
INSERT INTO `com_sectores` VALUES(76, 'Programa Adquisición de Artesanías Fonart', 'programa', 'activo', 5, 15, NULL);
INSERT INTO `com_sectores` VALUES(77, 'Programa Concursos de Arte Popular Fonart', 'programa', 'activo', 5, 16, NULL);
INSERT INTO `com_sectores` VALUES(78, 'Programa Fondo para el Apoyo a Proyectos Productivos en Núcleos Agrarios', 'programa', 'activo', 5, 17, NULL);
INSERT INTO `com_sectores` VALUES(79, 'Programa de la Mujer en el Sector Agrario', 'programa', 'activo', 5, 18, NULL);
INSERT INTO `com_sectores` VALUES(80, 'Joven Emprendedor Rural', 'programa', 'activo', 5, 19, NULL);
INSERT INTO `com_sectores` VALUES(81, 'Programa Estratégico para el Desarrollo Rural Sustentable de la Región Sur-Sureste de México', 'programa', 'activo', 5, 20, NULL);
INSERT INTO `com_sectores` VALUES(82, 'Programa de Fortalecimiento a la Organización Rural', 'programa', 'activo', 5, 21, NULL);
INSERT INTO `com_sectores` VALUES(83, 'ProCampo', 'programa', 'activo', 5, 22, NULL);
INSERT INTO `com_sectores` VALUES(84, 'Programa de Uso Sustentable de Recursos Naturales para la Producción Primaria', 'programa', 'activo', 5, 23, NULL);
INSERT INTO `com_sectores` VALUES(85, 'Programa de Atención a Contingencias Climatológicas', 'programa', 'activo', 5, 24, NULL);
INSERT INTO `com_sectores` VALUES(86, 'Programa Seguro Médico para una Nueva Generación', 'programa', 'activo', 7, 2, NULL);
INSERT INTO `com_sectores` VALUES(87, 'Programa de Vacunación', 'programa', 'activo', 7, 3, NULL);
INSERT INTO `com_sectores` VALUES(88, 'Prevención y Control de la Obesidad', 'programa', 'activo', 7, 4, NULL);
INSERT INTO `com_sectores` VALUES(89, 'Prevención y Atención de Infecciones por VIH y otras Infecciones de Transmisión Sexual- Salud', 'programa', 'activo', 7, 5, NULL);
INSERT INTO `com_sectores` VALUES(90, 'Hospitales Regionales de Alta Especialidad', 'programa', 'activo', 7, 6, NULL);
INSERT INTO `com_sectores` VALUES(91, 'Portabilidad de los Servicios de Salud', 'tema', 'activo', 4, 3, NULL);
INSERT INTO `com_sectores` VALUES(92, 'Caravanas de la Salud', 'programa', 'activo', 91, 1, NULL);
INSERT INTO `com_sectores` VALUES(93, 'Ordenamiento Territorial', 'tema', 'activo', 4, 4, NULL);
INSERT INTO `com_sectores` VALUES(94, 'Programas Municipales de Ordenamiento Territorial', 'programa', 'activo', 93, 1, NULL);
INSERT INTO `com_sectores` VALUES(95, 'Programa de Apoyo a los Avecindados en Condiciones de Pobreza Patrimonial para Regularizar Asentamientos Humanos Irregulares', 'programa', 'activo', 93, 2, NULL);
INSERT INTO `com_sectores` VALUES(96, 'Programa de Ordenamiento Ecológico ', 'programa', 'activo', 93, 3, NULL);
INSERT INTO `com_sectores` VALUES(97, 'Balance Neutro de Superficie Forestal', 'tema', 'activo', 4, 5, NULL);
INSERT INTO `com_sectores` VALUES(98, 'Programa Proárbol', 'programa', 'activo', 97, 1, NULL);
INSERT INTO `com_sectores` VALUES(99, 'Programa de Plantaciones Forestales Comerciales', 'programa', 'activo', 97, 2, NULL);
INSERT INTO `com_sectores` VALUES(100, 'Programa de Conservación para el Desarrollo Sostenible', 'programa', 'activo', 97, 3, NULL);
INSERT INTO `com_sectores` VALUES(101, 'Saneamiento de Agua', 'tema', 'activo', 4, 6, NULL);
INSERT INTO `com_sectores` VALUES(102, 'Programa de Devolución de Derechos', 'programa', 'activo', 101, 1, NULL);
INSERT INTO `com_sectores` VALUES(103, 'Modernización de Organismos Operadores de Agua', 'programa', 'activo', 101, 2, NULL);
INSERT INTO `com_sectores` VALUES(104, 'Agua Potable, Alcantarillado y Saneamiento en Zonas Urbanas', 'programa', 'activo', 101, 3, NULL);
INSERT INTO `com_sectores` VALUES(105, 'Sostenibilidad de los Servicios de Agua Potable y Saneamiento en Zonas Rurales', 'programa', 'activo', 101, 4, NULL);
INSERT INTO `com_sectores` VALUES(106, 'Programa Federal de Saneamiento de Aguas Residuales', 'programa', 'activo', 101, 5, NULL);
INSERT INTO `com_sectores` VALUES(107, 'Agua Limpia', 'programa', 'activo', 101, 6, NULL);
INSERT INTO `com_sectores` VALUES(108, 'Programa Fondo Concursable para el Tratamiento de Aguas Residuales', 'programa', 'activo', 101, 7, NULL);
INSERT INTO `com_sectores` VALUES(109, 'Lucha Contra las Adicciones', 'tema', 'activo', 4, 7, NULL);
INSERT INTO `com_sectores` VALUES(110, 'Programa de Unidades de Especialidad Médica de Adicciones', 'programa', 'activo', 109, 1, NULL);
INSERT INTO `com_sectores` VALUES(111, 'Programa de Acción Específico 2007-2012 Prevención y Tratamiento de las Adicciones', 'programa', 'activo', 109, 2, NULL);
INSERT INTO `com_sectores` VALUES(112, 'Programa de Escuela Segura', 'programa', 'activo', 109, 3, NULL);
INSERT INTO `com_sectores` VALUES(113, 'Cobertura en Educación Media Superior y Superior', 'tema', 'activo', 4, 8, NULL);
INSERT INTO `com_sectores` VALUES(114, 'Becas y Financiamiento', 'programa', 'activo', 113, 1, NULL);
INSERT INTO `com_sectores` VALUES(115, 'Programa de Formación Docente de Educación Media Superior', 'programa', 'activo', 113, 2, NULL);
INSERT INTO `com_sectores` VALUES(116, 'Programa de Apoyo al Desarrollo de la Educación Superior', 'programa', 'activo', 113, 3, NULL);
INSERT INTO `com_sectores` VALUES(117, 'Programa de Apoyo al Desarrollo Universitario', 'programa', 'activo', 113, 4, NULL);
INSERT INTO `com_sectores` VALUES(118, 'Calidad Educativa Medible', 'tema', 'activo', 4, 9, NULL);
INSERT INTO `com_sectores` VALUES(119, 'Prueba Enlace', 'programa', 'activo', 118, 1, NULL);
INSERT INTO `com_sectores` VALUES(120, 'Tiempo de Volver a la Escuela', 'programa', 'activo', 118, 2, NULL);
INSERT INTO `com_sectores` VALUES(121, 'Escuelas de Tiempo Completo', 'programa', 'activo', 118, 3, NULL);
INSERT INTO `com_sectores` VALUES(122, 'Probem', 'programa', 'activo', 118, 4, NULL);
INSERT INTO `com_sectores` VALUES(123, 'Desarrollo Social en Zonas Urbanas', 'tema', 'activo', 4, 10, NULL);
INSERT INTO `com_sectores` VALUES(124, 'Apoyo a Zonas de Atención Prioritaria', 'programa', 'activo', 123, 1, NULL);
INSERT INTO `com_sectores` VALUES(125, 'Estancias Infantiles para Apoyar a Madres Trabajadoras', 'programa', 'activo', 123, 2, NULL);
INSERT INTO `com_sectores` VALUES(126, 'Hábitat', 'programa', 'activo', 123, 3, NULL);
INSERT INTO `com_sectores` VALUES(127, 'Espacios Públicos', 'programa', 'activo', 123, 4, NULL);
INSERT INTO `com_sectores` VALUES(128, 'Programa Especial Emergente de Apoyo a Tabasco', 'programa', 'activo', 123, 5, NULL);
INSERT INTO `com_sectores` VALUES(129, 'Programa de Empleo Temporal', 'programa', 'activo', 123, 6, NULL);
INSERT INTO `com_sectores` VALUES(130, 'Programa 3x1 para Migrantes', 'programa', 'activo', 123, 7, NULL);
INSERT INTO `com_sectores` VALUES(131, 'Apoyo a las Instancias de Mujeres en las Entidades Federativas', 'programa', 'activo', 123, 8, NULL);
INSERT INTO `com_sectores` VALUES(132, 'Tala Regulatoria', 'tema', 'activo', 16, 2, NULL);
INSERT INTO `com_sectores` VALUES(133, 'Reforma Regulatoria', 'programa', 'activo', 132, 1, NULL);
INSERT INTO `com_sectores` VALUES(134, 'Programa Especial de Mejora de la Gestión en la Administración Pública Federal 2008-2012', 'programa', 'activo', 132, 2, NULL);
INSERT INTO `com_sectores` VALUES(135, 'Rendición de Cuentas, Transparencia y Combate a la Corrupción 2008-2012', 'programa', 'activo', 132, 3, NULL);
INSERT INTO `com_sectores` VALUES(136, 'El Trámite más Inútil', 'programa', 'activo', 132, 4, NULL);
INSERT INTO `com_sectores` VALUES(137, 'Frontera Sur', 'tema', 'activo', 16, 3, NULL);
INSERT INTO `com_sectores` VALUES(138, 'Plan de Reordenamiento de la Frontera Sur', 'programa', 'activo', 137, 1, NULL);
INSERT INTO `com_sectores` VALUES(139, 'Fortalecimiento del Estado de Derecho', 'programa', 'activo', 137, 2, NULL);
INSERT INTO `com_sectores` VALUES(140, 'Procuración e Impartición de Justicia', 'programa', 'activo', 137, 3, NULL);
INSERT INTO `com_sectores` VALUES(141, 'Canal de Televisión', 'tema', 'activo', 16, 4, NULL);
INSERT INTO `com_sectores` VALUES(142, 'Economía Competitiva', 'programa', 'activo', 141, 1, NULL);
INSERT INTO `com_sectores` VALUES(143, 'Promoción Integral de México en el Exterior', 'tema', 'activo', 16, 5, NULL);
INSERT INTO `com_sectores` VALUES(144, 'Impulsar la Proyección de México en el Entorno Internacional', 'programa', 'activo', 143, 1, NULL);
INSERT INTO `com_sectores` VALUES(145, 'Fortalecer Relaciones con América del Norte', 'tema', 'activo', 16, 6, NULL);
INSERT INTO `com_sectores` VALUES(146, 'Política Exterior Responsable', 'programa', 'activo', 145, 1, NULL);
INSERT INTO `com_sectores` VALUES(147, 'Política Exterior, Palanca del Desarrollo Nacional', 'programa', 'activo', 145, 2, NULL);
INSERT INTO `com_sectores` VALUES(148, 'Protección y Asistencia Consular a Mexicanos en Estados Unidos', 'programa', 'activo', 145, 3, NULL);

-- --------------------------------------------------------

--
-- Table structure for table `com_usuarios`
--

CREATE TABLE `com_usuarios` (
  `id` int(11) NOT NULL AUTO_INCREMENT,
  `nombre` varchar(255) DEFAULT NULL,
  `apellido_p` varchar(255) DEFAULT NULL,
  `apellido_m` varchar(255) DEFAULT NULL,
  `id_dependencia` int(11) DEFAULT NULL,
  `puesto` varchar(255) DEFAULT NULL,
  `correo` varchar(255) DEFAULT NULL,
  `telefono` varchar(255) DEFAULT NULL,
  `celular` varchar(255) DEFAULT NULL,
  `direccion` tinytext,
  `imagen` varchar(255) DEFAULT NULL,
  `clave` varchar(255) DEFAULT NULL,
  `e_dna` varchar(255) DEFAULT NULL,
  `nivel` int(11) DEFAULT NULL,
  `estatus` enum('inactivo','activo') DEFAULT NULL,
  PRIMARY KEY (`id`)
) ENGINE=MyISAM  DEFAULT CHARSET=utf8 AUTO_INCREMENT=6 ;

--
-- Dumping data for table `com_usuarios`
--

INSERT INTO `com_usuarios` VALUES(1, 'Rogelio', 'Argumedo', 'Uribe', 6, 'jefe supremo de las tropas del norte', 'rogelio.argumedo@sip.gob.mx', NULL, NULL, NULL, NULL, 'f9e84a1b7ef103c4692a502ff70e2557', 'edna-roy', 1, 'activo');
INSERT INTO `com_usuarios` VALUES(2, 'Luis Antonio', 'Delgado', 'Barraza', 7, 'Director', 'luis.delgado@sip.gob.mx', NULL, NULL, NULL, NULL, '202cb962ac59075b964b07152d234b70', 'xxx', 1, 'activo');
INSERT INTO `com_usuarios` VALUES(3, 'Raul', 'Gonzalez', 'Calderon', 4, 'CTO', 'raul.gonzalez@sip.gob.mx', NULL, NULL, NULL, NULL, 'Supercalifragilistico', 'R02082010C00000003RDRY-AEAA00004', 2, 'activo');
INSERT INTO `com_usuarios` VALUES(4, 'Pepe', 'El', 'Toro', 3, NULL, 'pepe@toro.com', NULL, NULL, NULL, NULL, '202cb962ac59075b964b07152d234b70', '61a0514a4b2177a7d748bcf18c99d22f', 2, 'activo');
INSERT INTO `com_usuarios` VALUES(5, 'Angel', 'Leon', 'Rodriguez', 23, NULL, 'angel@sip.gob.mx', NULL, NULL, NULL, NULL, '202cb962ac59075b964b07152d234b70', 'c40967d3c736358e12b2a26ab56fc470', 2, 'activo');
